{"id":36,"date":"2017-03-01T23:42:12","date_gmt":"2017-03-01T22:42:12","guid":{"rendered":"http:\/\/cctechnologie.fr\/?page_id=36"},"modified":"2017-03-04T14:41:44","modified_gmt":"2017-03-04T13:41:44","slug":"a-propos-de","status":"publish","type":"page","link":"https:\/\/cctechnologie.fr\/?page_id=36","title":{"rendered":"\u00c0 propos de"},"content":{"rendered":"<address><img loading=\"lazy\" decoding=\"async\" class=\"alignnone wp-image-164\" src=\"http:\/\/cctechnologie.fr\/wp-content\/uploads\/2017\/03\/Identite\u0301-Christophe-2011-12-222x300.jpg\" width=\"74\" height=\"100\" srcset=\"https:\/\/cctechnologie.fr\/wp-content\/uploads\/2017\/03\/Identite\u0301-Christophe-2011-12-222x300.jpg 222w, https:\/\/cctechnologie.fr\/wp-content\/uploads\/2017\/03\/Identite\u0301-Christophe-2011-12-768x1040.jpg 768w, https:\/\/cctechnologie.fr\/wp-content\/uploads\/2017\/03\/Identite\u0301-Christophe-2011-12-756x1024.jpg 756w, https:\/\/cctechnologie.fr\/wp-content\/uploads\/2017\/03\/Identite\u0301-Christophe-2011-12.jpg 1092w\" sizes=\"auto, (max-width: 74px) 100vw, 74px\" \/><\/address>\n<address><em>Christophe COMEL<\/em><\/address>\n<address><em>GSM : \u00a0+33 6 37 91 20 71<\/em><\/address>\n<address><em>E-Mail : <a href=\"mailto:christophe.comel@cctechnologie.fr\">christophe.comel@cctechnologie.fr<\/a><\/em><\/address>\n<p>Plus de vingt ann\u00e9es dans les domaines d\u00e9riv\u00e9s de l\u2019\u00e9lectricit\u00e9\u00a0: courants forts, courants faibles, domotique, GTB et s\u00e9curit\u00e9 \u00e9lectronique (incendie \u2013 Intrusion \u2013 Vid\u00e9osurveillance \u2013 Contr\u00f4le d\u2019acc\u00e8s).<\/p>\n<p>Une vision globale et terrain des projets, au travers d\u2019exp\u00e9riences acquises en tant qu\u2019Ing\u00e9nieur d\u2019affaires chez un des plus grands\u00a0fabricant europ\u00e9en de syst\u00e8mes en courants forts \/ courants faibles, et \u00e0 la Direction d\u2019une entreprise d\u2019installation en syst\u00e8mes de s\u00e9curit\u00e9.<\/p>\n<p>Une sp\u00e9cialisation en t\u00e9l\u00e9phonie en partenariat avec Yeastar &amp; Panasonic.<\/p>\n<p>&nbsp;<\/p>\n<p>Christophe COMEL est membres de :<\/p>\n<p><img loading=\"lazy\" decoding=\"async\" class=\"alignnone wp-image-80 size-full\" src=\"http:\/\/cctechnologie.fr\/wp-content\/uploads\/2017\/03\/cjd-ardennes-logo.jpg\" width=\"250\" height=\"170\" \/><\/p>\n<p><img loading=\"lazy\" decoding=\"async\" class=\"alignnone wp-image-83 size-medium\" src=\"http:\/\/cctechnologie.fr\/wp-content\/uploads\/2017\/03\/CS08-300x206.jpg\" width=\"300\" height=\"206\" srcset=\"https:\/\/cctechnologie.fr\/wp-content\/uploads\/2017\/03\/CS08-300x206.jpg 300w, https:\/\/cctechnologie.fr\/wp-content\/uploads\/2017\/03\/CS08.jpg 485w\" sizes=\"auto, (max-width: 300px) 100vw, 300px\" \/><\/p>\n<p><img loading=\"lazy\" decoding=\"async\" class=\"alignnone wp-image-102 size-thumbnail\" src=\"http:\/\/cctechnologie.fr\/wp-content\/uploads\/2017\/03\/Rotary-Rimbaud-150x150.png\" width=\"150\" height=\"150\" srcset=\"https:\/\/cctechnologie.fr\/wp-content\/uploads\/2017\/03\/Rotary-Rimbaud-150x150.png 150w, https:\/\/cctechnologie.fr\/wp-content\/uploads\/2017\/03\/Rotary-Rimbaud-100x100.png 100w\" sizes=\"auto, (max-width: 150px) 100vw, 150px\" \/><img loading=\"lazy\" decoding=\"async\" class=\"alignnone wp-image-81 size-thumbnail\" src=\"http:\/\/cctechnologie.fr\/wp-content\/uploads\/2017\/03\/club41logo-150x150.jpg\" width=\"150\" height=\"150\" srcset=\"https:\/\/cctechnologie.fr\/wp-content\/uploads\/2017\/03\/club41logo-150x150.jpg 150w, https:\/\/cctechnologie.fr\/wp-content\/uploads\/2017\/03\/club41logo-100x100.jpg 100w\" sizes=\"auto, (max-width: 150px) 100vw, 150px\" \/><\/p>\n","protected":false},"excerpt":{"rendered":"<p>Christophe COMEL GSM : \u00a0+33 6 37 91 20 71 E-Mail : christophe.comel@cctechnologie.fr Plus de vingt ann\u00e9es dans les domaines d\u00e9riv\u00e9s de l\u2019\u00e9lectricit\u00e9\u00a0: courants forts, courants faibles, domotique, GTB et s\u00e9curit\u00e9 \u00e9lectronique (incendie \u2013 Intrusion \u2013 Vid\u00e9osurveillance \u2013 Contr\u00f4le d\u2019acc\u00e8s). Une vision globale et terrain des projets, au travers d\u2019exp\u00e9riences acquises en tant qu\u2019Ing\u00e9nieur d\u2019affaires &hellip; <\/p>\n<p class=\"link-more\"><a href=\"https:\/\/cctechnologie.fr\/?page_id=36\" class=\"more-link\">Continuer la lecture<span class=\"screen-reader-text\"> de &laquo;&nbsp;\u00c0 propos de&nbsp;&raquo;<\/span><\/a><\/p>\n","protected":false},"author":1,"featured_media":130,"parent":0,"menu_order":0,"comment_status":"closed","ping_status":"closed","template":"","meta":{"jetpack_post_was_ever_published":false,"footnotes":""},"class_list":["post-36","page","type-page","status-publish","has-post-thumbnail","hentry"],"jetpack_sharing_enabled":true,"jetpack_shortlink":"https:\/\/wp.me\/P8xR7x-A","_links":{"self":[{"href":"https:\/\/cctechnologie.fr\/index.php?rest_route=\/wp\/v2\/pages\/36","targetHints":{"allow":["GET"]}}],"collection":[{"href":"https:\/\/cctechnologie.fr\/index.php?rest_route=\/wp\/v2\/pages"}],"about":[{"href":"https:\/\/cctechnologie.fr\/index.php?rest_route=\/wp\/v2\/types\/page"}],"author":[{"embeddable":true,"href":"https:\/\/cctechnologie.fr\/index.php?rest_route=\/wp\/v2\/users\/1"}],"replies":[{"embeddable":true,"href":"https:\/\/cctechnologie.fr\/index.php?rest_route=%2Fwp%2Fv2%2Fcomments&post=36"}],"version-history":[{"count":4,"href":"https:\/\/cctechnologie.fr\/index.php?rest_route=\/wp\/v2\/pages\/36\/revisions"}],"predecessor-version":[{"id":166,"href":"https:\/\/cctechnologie.fr\/index.php?rest_route=\/wp\/v2\/pages\/36\/revisions\/166"}],"wp:featuredmedia":[{"embeddable":true,"href":"https:\/\/cctechnologie.fr\/index.php?rest_route=\/wp\/v2\/media\/130"}],"wp:attachment":[{"href":"https:\/\/cctechnologie.fr\/index.php?rest_route=%2Fwp%2Fv2%2Fmedia&parent=36"}],"curies":[{"name":"wp","href":"https:\/\/api.w.org\/{rel}","templated":true}]}}

À propos de

<address><img loading="lazy" decoding="async" class="alignnone wp-image-164" src="http://cctechnologie.fr/wp-content/uploads/2017/03/Identité-Christophe-2011-12-222x300.jpg" width="74" height="100" srcset="https://cctechnologie.fr/wp-content/uploads/2017/03/Identité-Christophe-2011-12-222x300.jpg 222w, https://cctechnologie.fr/wp-content/uploads/2017/03/Identité-Christophe-2011-12-768x1040.jpg 768w, https://cctechnologie.fr/wp-content/uploads/2017/03/Identité-Christophe-2011-12-756x1024.jpg 756w, https://cctechnologie.fr/wp-content/uploads/2017/03/Identité-Christophe-2011-12.jpg 1092w" sizes="auto, (max-width: 74px) 100vw, 74px" /></address>
<address><em>Christophe COMEL</em></address>
<address><em>GSM :  +33 6 37 91 20 71</em></address>
<address><em>E-Mail : <a href="mailto:christophe.comel@cctechnologie.fr">christophe.comel@cctechnologie.fr</a></em></address>
<p>Plus de vingt années dans les domaines dérivés de l’électricité : courants forts, courants faibles, domotique, GTB et sécurité électronique (incendie – Intrusion – Vidéosurveillance – Contrôle d’accès).</p>
<p>Une vision globale et terrain des projets, au travers d’expériences acquises en tant qu’Ingénieur d’affaires chez un des plus grands fabricant européen de systèmes en courants forts / courants faibles, et à la Direction d’une entreprise d’installation en systèmes de sécurité.</p>
<p>Une spécialisation en téléphonie en partenariat avec Yeastar &amp; Panasonic.</p>
<p>&nbsp;</p>
<p>Christophe COMEL est membres de :</p>
<p><img loading="lazy" decoding="async" class="alignnone wp-image-80 size-full" src="http://cctechnologie.fr/wp-content/uploads/2017/03/cjd-ardennes-logo.jpg" width="250" height="170" /></p>
<p><img loading="lazy" decoding="async" class="alignnone wp-image-83 size-medium" src="http://cctechnologie.fr/wp-content/uploads/2017/03/CS08-300x206.jpg" width="300" height="206" srcset="https://cctechnologie.fr/wp-content/uploads/2017/03/CS08-300x206.jpg 300w, https://cctechnologie.fr/wp-content/uploads/2017/03/CS08.jpg 485w" sizes="auto, (max-width: 300px) 100vw, 300px" /></p>
<p><img loading="lazy" decoding="async" class="alignnone wp-image-102 size-thumbnail" src="http://cctechnologie.fr/wp-content/uploads/2017/03/Rotary-Rimbaud-150x150.png" width="150" height="150" srcset="https://cctechnologie.fr/wp-content/uploads/2017/03/Rotary-Rimbaud-150x150.png 150w, https://cctechnologie.fr/wp-content/uploads/2017/03/Rotary-Rimbaud-100x100.png 100w" sizes="auto, (max-width: 150px) 100vw, 150px" /><img loading="lazy" decoding="async" class="alignnone wp-image-81 size-thumbnail" src="http://cctechnologie.fr/wp-content/uploads/2017/03/club41logo-150x150.jpg" width="150" height="150" srcset="https://cctechnologie.fr/wp-content/uploads/2017/03/club41logo-150x150.jpg 150w, https://cctechnologie.fr/wp-content/uploads/2017/03/club41logo-100x100.jpg 100w" sizes="auto, (max-width: 150px) 100vw, 150px" /></p>

<p>Christophe COMEL GSM :  +33 6 37 91 20 71 E-Mail : christophe.comel@cctechnologie.fr Plus de vingt années dans les domaines dérivés de l’électricité : courants forts, courants faibles, domotique, GTB et sécurité électronique (incendie – Intrusion – Vidéosurveillance – Contrôle d’accès). Une vision globale et terrain des projets, au travers d’expériences acquises en tant qu’Ingénieur d’affaires &hellip; </p>
<p class="link-more"><a href="https://cctechnologie.fr/?page_id=36" class="more-link">Continuer la lecture<span class="screen-reader-text"> de &laquo;&nbsp;À propos de&nbsp;&raquo;</span></a></p>
