{"id":307,"date":"2018-01-21T12:23:44","date_gmt":"2018-01-21T11:23:44","guid":{"rendered":"http:\/\/cctechnologie.fr\/?page_id=307"},"modified":"2018-01-21T12:23:44","modified_gmt":"2018-01-21T11:23:44","slug":"generateur-de-brouillard","status":"publish","type":"page","link":"https:\/\/cctechnologie.fr\/?page_id=307","title":{"rendered":"G\u00e9n\u00e9rateur de brouillard"},"content":{"rendered":"<p>Que vous soyez particuliers, professionnels, une entreprise, une collectivit\u00e9, une boutique etc, vous avez certainement un syst\u00e8me d&rsquo;alarme.\u00a0Mais quelles que soient les pr\u00e9cautions que vous prenez, vous ne pouvez jamais emp\u00eacher un voleur dans sa tentative de cambriolage.<\/p>\n<div style=\"width: 525px;\" class=\"wp-video\"><video class=\"wp-video-shortcode\" id=\"video-307-1\" width=\"525\" height=\"295\" preload=\"metadata\" controls=\"controls\"><source type=\"video\/mp4\" src=\"http:\/\/cctechnologie.fr\/wp-content\/uploads\/2018\/01\/foggy-antirapina-fumogeno-avs-electronics-by-ald.mp4?_=1\" \/><a href=\"http:\/\/cctechnologie.fr\/wp-content\/uploads\/2018\/01\/foggy-antirapina-fumogeno-avs-electronics-by-ald.mp4\">http:\/\/cctechnologie.fr\/wp-content\/uploads\/2018\/01\/foggy-antirapina-fumogeno-avs-electronics-by-ald.mp4<\/a><\/video><\/div>\n<p><strong>COMMENT FAIRE?<\/strong><\/p>\n<p>En compl\u00e9tant votre alarme d&rsquo;une g\u00e9n\u00e9rateur de fum\u00e9e.<br \/>\nLes g\u00e9n\u00e9rateurs de fum\u00e9e ou de brouillard install\u00e9s par CCT vont remplir l\u2019espace \u2013 grand ou petit \u2013 avec de la fum\u00e9e dense et rendre impossible pour le voleur de voir \u2013 et donc de voler \u2013 quoi que ce soit !<\/p>\n<p>En quelques secondes,\u00a0il g\u00e9n\u00e8re un brouillard, qui emp\u00eache totalement les\u00a0d\u00e9placements dans l\u2019environnement prot\u00e9g\u00e9 et oblige\u00a0l\u2019intrus \u00e0 s\u2019enfuir sur le champ. Install\u00e9 sur un syst\u00e8me d&rsquo;alarme\u00a0anti-intrusion, le g\u00e9n\u00e9rateur de brouillard compl\u00e8te l\u2019efficacit\u00e9 de la d\u00e9tection\u00a0par une protection \u00ab dynamique \u00bb des lieux. Le brouillard\u00a0g\u00e9n\u00e9r\u00e9 cr\u00e9e une d\u00e9sorientation naturelle qui bloque\u00a0naturellement la progression des voleurs.<\/p>\n<p><strong>INOFFENSIF POUR LES BIENS ET LES PERSONNES<\/strong><\/p>\n<p>Le brouillard est absolument inoffensif et il est adapt\u00e9 pour son utilisation dans les environnements r\u00e9sidentiels, commerciaux,\u00a0industriels et militaires. Il a \u00e9t\u00e9 sp\u00e9cifiquement adapt\u00e9 pour prot\u00e9ger les biens sensibles et les objets de valeur, comme pour les\u00a0bijouteries, les magasins d\u2019\u00e9lectronique, d\u2019informatique, les entrep\u00f4ts, les shows room automobiles. Le brouillard disparait sans laisser\u00a0aucune trace. Des laboratoires d\u2019analyse sp\u00e9cialis\u00e9s ont effectu\u00e9 des examens pr\u00e9cis qui garantissent l\u2019absence de toxicit\u00e9 de cet effet.<\/p>\n<p><strong>EXTREMEMENT RAPIDE<\/strong><\/p>\n<p>En 20 petites secondes, le g\u00e9n\u00e9rateur \u00a0sature un environnement de 200m3. M\u00eame en tentant d\u2019a\u00e9rer la pi\u00e8ce, la densit\u00e9 du \u00ab brouillard \u00bb est telle qu\u2019il faut de 20 \u00e0 30 minutes environ pour\u00a0retrouver une visibilit\u00e9 compl\u00e8te. Pour obtenir un brouillard qui perdure dans le temps, il existe une fonction\u00a0sp\u00e9ciale qui ac<span style=\"font-size: 1rem;\">tive une diffusion intermittente de vigilance.<\/span><\/p>\n<p><img loading=\"lazy\" decoding=\"async\" class=\"alignnone size-full wp-image-296\" style=\"font-size: 1rem;\" src=\"http:\/\/cctechnologie.fr\/wp-content\/uploads\/2018\/01\/foggy-shop1.jpg\" alt=\"\" width=\"267\" height=\"150\" \/><img loading=\"lazy\" decoding=\"async\" class=\"alignnone size-medium wp-image-297\" style=\"font-size: 1rem;\" src=\"http:\/\/cctechnologie.fr\/wp-content\/uploads\/2018\/01\/foggy-shop2.jpg\" alt=\"\" width=\"267\" height=\"150\" \/><img loading=\"lazy\" decoding=\"async\" class=\"alignnone size-full wp-image-298\" style=\"font-size: 1rem;\" src=\"http:\/\/cctechnologie.fr\/wp-content\/uploads\/2018\/01\/foggy-shop3.jpg\" alt=\"\" width=\"267\" height=\"150\" \/><\/p>\n<p><strong>PROTECTION ANTI-AGRESSION<\/strong><\/p>\n<p>En option, ils peuvent \u00eatre \u00e9quip\u00e9s d&rsquo;une t\u00e9l\u00e9commande agression permettant de d\u00e9clencher imm\u00e9diatement le g\u00e9n\u00e9rateur de brouillard.<\/p>\n","protected":false},"excerpt":{"rendered":"<p>Que vous soyez particuliers, professionnels, une entreprise, une collectivit\u00e9, une boutique etc, vous avez certainement un syst\u00e8me d&rsquo;alarme.\u00a0Mais quelles que soient les pr\u00e9cautions que vous prenez, vous ne pouvez jamais emp\u00eacher un voleur dans sa tentative de cambriolage. COMMENT FAIRE? En compl\u00e9tant votre alarme d&rsquo;une g\u00e9n\u00e9rateur de fum\u00e9e. Les g\u00e9n\u00e9rateurs de fum\u00e9e ou de brouillard &hellip; <\/p>\n<p class=\"link-more\"><a href=\"https:\/\/cctechnologie.fr\/?page_id=307\" class=\"more-link\">Continuer la lecture<span class=\"screen-reader-text\"> de &laquo;&nbsp;G\u00e9n\u00e9rateur de brouillard&nbsp;&raquo;<\/span><\/a><\/p>\n","protected":false},"author":1,"featured_media":297,"parent":120,"menu_order":3,"comment_status":"closed","ping_status":"closed","template":"","meta":{"jetpack_post_was_ever_published":false,"footnotes":""},"class_list":["post-307","page","type-page","status-publish","has-post-thumbnail","hentry"],"jetpack_sharing_enabled":true,"jetpack_shortlink":"https:\/\/wp.me\/P8xR7x-4X","_links":{"self":[{"href":"https:\/\/cctechnologie.fr\/index.php?rest_route=\/wp\/v2\/pages\/307","targetHints":{"allow":["GET"]}}],"collection":[{"href":"https:\/\/cctechnologie.fr\/index.php?rest_route=\/wp\/v2\/pages"}],"about":[{"href":"https:\/\/cctechnologie.fr\/index.php?rest_route=\/wp\/v2\/types\/page"}],"author":[{"embeddable":true,"href":"https:\/\/cctechnologie.fr\/index.php?rest_route=\/wp\/v2\/users\/1"}],"replies":[{"embeddable":true,"href":"https:\/\/cctechnologie.fr\/index.php?rest_route=%2Fwp%2Fv2%2Fcomments&post=307"}],"version-history":[{"count":1,"href":"https:\/\/cctechnologie.fr\/index.php?rest_route=\/wp\/v2\/pages\/307\/revisions"}],"predecessor-version":[{"id":308,"href":"https:\/\/cctechnologie.fr\/index.php?rest_route=\/wp\/v2\/pages\/307\/revisions\/308"}],"up":[{"embeddable":true,"href":"https:\/\/cctechnologie.fr\/index.php?rest_route=\/wp\/v2\/pages\/120"}],"wp:featuredmedia":[{"embeddable":true,"href":"https:\/\/cctechnologie.fr\/index.php?rest_route=\/wp\/v2\/media\/297"}],"wp:attachment":[{"href":"https:\/\/cctechnologie.fr\/index.php?rest_route=%2Fwp%2Fv2%2Fmedia&parent=307"}],"curies":[{"name":"wp","href":"https:\/\/api.w.org\/{rel}","templated":true}]}}