{"id":211,"date":"2017-03-12T22:29:13","date_gmt":"2017-03-12T21:29:13","guid":{"rendered":"http:\/\/cctechnologie.fr\/?page_id=211"},"modified":"2017-03-12T22:29:13","modified_gmt":"2017-03-12T21:29:13","slug":"alarme-intrusion","status":"publish","type":"page","link":"https:\/\/cctechnologie.fr\/?page_id=211","title":{"rendered":"Alarme Intrusion"},"content":{"rendered":"<p><strong>Alarme intrusion<\/strong> : le sur-mesure au service de la s\u00e9r\u00e9nit\u00e9<\/p>\n<p>Nous portons une attention toute particuli\u00e8re \u00e0 nos \u00e9tudes de s\u00e9curit\u00e9 (analyse des risques) et notre devoir de conseil nous permettent de proposer des solutions parfaitement adapt\u00e9es aux attentes de nos clients.<\/p>\n<p>Toutes nos solutions de d\u00e9tection intrusion sont compatibles avec l\u2019ensemble de nos services de T\u00e9l\u00e9surveillance et de T\u00e9l\u00e9maintenance.<\/p>\n","protected":false},"excerpt":{"rendered":"<p>Alarme intrusion : le sur-mesure au service de la s\u00e9r\u00e9nit\u00e9 Nous portons une attention toute particuli\u00e8re \u00e0 nos \u00e9tudes de s\u00e9curit\u00e9 (analyse des risques) et notre devoir de conseil nous permettent de proposer des solutions parfaitement adapt\u00e9es aux attentes de nos clients. Toutes nos solutions de d\u00e9tection intrusion sont compatibles avec l\u2019ensemble de nos services &hellip; <\/p>\n<p class=\"link-more\"><a href=\"https:\/\/cctechnologie.fr\/?page_id=211\" class=\"more-link\">Continuer la lecture<span class=\"screen-reader-text\"> de &laquo;&nbsp;Alarme Intrusion&nbsp;&raquo;<\/span><\/a><\/p>\n","protected":false},"author":2,"featured_media":0,"parent":120,"menu_order":0,"comment_status":"closed","ping_status":"closed","template":"","meta":{"jetpack_post_was_ever_published":false,"footnotes":""},"class_list":["post-211","page","type-page","status-publish","hentry"],"jetpack_sharing_enabled":true,"jetpack_shortlink":"https:\/\/wp.me\/P8xR7x-3p","_links":{"self":[{"href":"https:\/\/cctechnologie.fr\/index.php?rest_route=\/wp\/v2\/pages\/211","targetHints":{"allow":["GET"]}}],"collection":[{"href":"https:\/\/cctechnologie.fr\/index.php?rest_route=\/wp\/v2\/pages"}],"about":[{"href":"https:\/\/cctechnologie.fr\/index.php?rest_route=\/wp\/v2\/types\/page"}],"author":[{"embeddable":true,"href":"https:\/\/cctechnologie.fr\/index.php?rest_route=\/wp\/v2\/users\/2"}],"replies":[{"embeddable":true,"href":"https:\/\/cctechnologie.fr\/index.php?rest_route=%2Fwp%2Fv2%2Fcomments&post=211"}],"version-history":[{"count":1,"href":"https:\/\/cctechnologie.fr\/index.php?rest_route=\/wp\/v2\/pages\/211\/revisions"}],"predecessor-version":[{"id":213,"href":"https:\/\/cctechnologie.fr\/index.php?rest_route=\/wp\/v2\/pages\/211\/revisions\/213"}],"up":[{"embeddable":true,"href":"https:\/\/cctechnologie.fr\/index.php?rest_route=\/wp\/v2\/pages\/120"}],"wp:attachment":[{"href":"https:\/\/cctechnologie.fr\/index.php?rest_route=%2Fwp%2Fv2%2Fmedia&parent=211"}],"curies":[{"name":"wp","href":"https:\/\/api.w.org\/{rel}","templated":true}]}}