{"id":121,"date":"2017-03-02T00:27:58","date_gmt":"2017-03-01T23:27:58","guid":{"rendered":"http:\/\/cctechnologie.fr\/?page_id=121"},"modified":"2017-03-12T21:52:05","modified_gmt":"2017-03-12T20:52:05","slug":"domotique","status":"publish","type":"page","link":"https:\/\/cctechnologie.fr\/?page_id=121","title":{"rendered":"Domotique"},"content":{"rendered":"<p>Cette activit\u00e9 est en parfaite ad\u00e9quation avec le leitmotiv de\u00a0<strong>CCT<\/strong>. La domotique et la GTB, reposent sur la convergence des techniques d&rsquo;automatisme, de l&rsquo;informatique et des t\u00e9l\u00e9communications utilis\u00e9es dans les b\u00e2timents.<\/p>\n<p>La domotique est \u00e0 l\u2019habitat ce que la GTB est au tertiaire. Toutes deux visent \u00e0 apporter des fonctions de confort (gestion d&rsquo;\u00e9nergie, optimisation de l&rsquo;\u00e9clairage et du chauffage), de s\u00e9curit\u00e9 (alarme) et de communication (commandes \u00e0 distance, signaux visuels ou sonores, etc.) que l&rsquo;on peut retrouver dans les maisons, les h\u00f4tels, les lieux publics, etc.<\/p>\n<p>&nbsp;<\/p>\n","protected":false},"excerpt":{"rendered":"<p>Cette activit\u00e9 est en parfaite ad\u00e9quation avec le leitmotiv de\u00a0CCT. La domotique et la GTB, reposent sur la convergence des techniques d&rsquo;automatisme, de l&rsquo;informatique et des t\u00e9l\u00e9communications utilis\u00e9es dans les b\u00e2timents. La domotique est \u00e0 l\u2019habitat ce que la GTB est au tertiaire. Toutes deux visent \u00e0 apporter des fonctions de confort (gestion d&rsquo;\u00e9nergie, optimisation &hellip; <\/p>\n<p class=\"link-more\"><a href=\"https:\/\/cctechnologie.fr\/?page_id=121\" class=\"more-link\">Continuer la lecture<span class=\"screen-reader-text\"> de &laquo;&nbsp;Domotique&nbsp;&raquo;<\/span><\/a><\/p>\n","protected":false},"author":1,"featured_media":0,"parent":0,"menu_order":0,"comment_status":"closed","ping_status":"closed","template":"","meta":{"jetpack_post_was_ever_published":false,"footnotes":""},"class_list":["post-121","page","type-page","status-publish","hentry"],"jetpack_sharing_enabled":true,"jetpack_shortlink":"https:\/\/wp.me\/P8xR7x-1X","_links":{"self":[{"href":"https:\/\/cctechnologie.fr\/index.php?rest_route=\/wp\/v2\/pages\/121","targetHints":{"allow":["GET"]}}],"collection":[{"href":"https:\/\/cctechnologie.fr\/index.php?rest_route=\/wp\/v2\/pages"}],"about":[{"href":"https:\/\/cctechnologie.fr\/index.php?rest_route=\/wp\/v2\/types\/page"}],"author":[{"embeddable":true,"href":"https:\/\/cctechnologie.fr\/index.php?rest_route=\/wp\/v2\/users\/1"}],"replies":[{"embeddable":true,"href":"https:\/\/cctechnologie.fr\/index.php?rest_route=%2Fwp%2Fv2%2Fcomments&post=121"}],"version-history":[{"count":2,"href":"https:\/\/cctechnologie.fr\/index.php?rest_route=\/wp\/v2\/pages\/121\/revisions"}],"predecessor-version":[{"id":197,"href":"https:\/\/cctechnologie.fr\/index.php?rest_route=\/wp\/v2\/pages\/121\/revisions\/197"}],"wp:attachment":[{"href":"https:\/\/cctechnologie.fr\/index.php?rest_route=%2Fwp%2Fv2%2Fmedia&parent=121"}],"curies":[{"name":"wp","href":"https:\/\/api.w.org\/{rel}","templated":true}]}}